{"id":3212,"date":"2023-04-30T20:19:10","date_gmt":"2023-04-30T18:19:10","guid":{"rendered":"https:\/\/samb-baiona.net\/?page_id=3212"},"modified":"2025-05-01T19:40:34","modified_gmt":"2025-05-01T17:40:34","slug":"el-mecenazgo","status":"publish","type":"page","link":"https:\/\/samb-baiona.net\/es\/el-mecenazgo\/","title":{"rendered":"El Mecenazgo"},"content":{"rendered":"\n<p class=\"has-text-color has-link-color has-large-font-size wp-elements-925d2dc91aab2f11a0177f5b651babea\" style=\"color:#884343;margin-top:var(--wp--preset--spacing--40);margin-right:0;margin-bottom:var(--wp--preset--spacing--40);margin-left:0\">El Mecenazgo<\/p>\n\n\n\n<div class=\"wp-block-columns is-layout-flex wp-container-core-columns-is-layout-eeed5da8 wp-block-columns-is-layout-flex\" style=\"margin-top:var(--wp--preset--spacing--30);margin-bottom:var(--wp--preset--spacing--30);padding-top:0;padding-right:var(--wp--preset--spacing--30);padding-bottom:0;padding-left:var(--wp--preset--spacing--30)\">\n<div class=\"wp-block-column is-layout-flow wp-block-column-is-layout-flow\">\n<p style=\"line-height:1.4\">\u00catre m\u00e9c\u00e8ne, c\u2019est participer \u00e0 l\u2019enrichissement des collections du Mus\u00e9e Basque et de l\u2019Histoire de Bayonne et \u00e0 leur pr\u00e9sentation au public.<br>Ser mecenas, es participar al enriquecimiento de las colecciones del Museo Vasco y de la Historia de Bayona y participar en su presentaci\u00f3n al p\u00fablico.<br>La Sociedad de Amigos del Museo Vasco favorece el mecenazgo de dos maneras :<br>&#8211; reuniendo o comprando obras de arte y objetos para entregarlos al Museo. De hecho, fueron las donaciones de les familias vascas y de Bayona las que constituyeron el origen de las colecciones expuestas en el Museo.<br>&#8211; fomentando la recaudaci\u00f3n de fondos para comprar obras de arte y objetos.<br>La SAMB recibi\u00f3 la aprobaci\u00f3n del Estado para emitir un certificado fiscal a los donantes, a las empresas y los particulares.<br>Este certificado permite a las empresas obtener una exenci\u00f3n del impuesto sobre sociedades o sobre la renta (art\u00edculo 238bis del C\u00f3digo general de impuestos).<br>Para los particulares, este certificado permite una deducci\u00f3n del 66% del importe donado, hasta un m\u00e1ximo del 20% de la renta imponible (art\u00edculo 200 del C\u00f3digo general de impuestos).<br>Un certificado de este tipo tambi\u00e9n puede ser emitido al donante de une obra de arte o de un objeto, siempre que la donaci\u00f3n (y por lo tanto su valor de mercado) haya sido aceptada por la Comisi\u00f3n cient\u00edfica de los Museos de Francia.<\/p>\n\n\n\n<p style=\"line-height:1.4\"><\/p>\n\n\n\n<p style=\"line-height:1.4\"><br><a href=\"https:\/\/samb-baiona.net\/wp-content\/uploads\/2023\/05\/Textes-juridiques.pdf\" target=\"_blank\" rel=\"noreferrer noopener\">Consultar aqu\u00ed la reglamentaci\u00f3n fiscal (texto est\u00e1 en franc\u00e9s)<\/a><br><br><strong><a href=\"https:\/\/societe-des-amis-du-musee-basque.assoconnect.com\/collect\/description\/323612-b-devenez-mecene-du-musee-basque-et-de-l-histoire-de-bayonne\" target=\"_blank\" rel=\"noreferrer noopener\">Convi\u00e9rtase en mecenas haciendo una donaci\u00f3n fiscal<\/a><\/strong><br><br>Para hacer une donaci\u00f3n en especie, o para cualquier pregunta relatva al mecenazgo le invitamos a contactar :<br>&#8211; por correo electr\u00f3nico : contact@samb-baiona.net o hacer <a href=\"https:\/\/samb-baiona.net\/es\/contactenos\/\" data-type=\"page\" data-id=\"3156\" target=\"_blank\" rel=\"noreferrer noopener\">un clic aqu\u00ed<\/a><br>&#8211; por correo postal : SAMB, Ch\u00e2teau-Neuf, Place Paul Bert, 64100 Bayonne. Francia.<\/p>\n\n\n\n<p style=\"line-height:1.4\"><br><\/p>\n\n\n\n<p style=\"line-height:1.4\">Desde finales del a\u00f1o 2024, los contribuyentes americanos pueden participar en la financiaci\u00f3n del Museo Vasco gracias a la creaci\u00f3n de la American Friends of the Mus\u00e9e Basque Found<\/p>\n<\/div>\n\n\n\n<div class=\"wp-block-column is-layout-flow wp-block-column-is-layout-flow\" style=\"padding-top:var(--wp--preset--spacing--30);padding-right:0;padding-bottom:var(--wp--preset--spacing--30);padding-left:0;flex-basis:50%\">\n<figure data-wp-context=\"{&quot;imageId&quot;:&quot;69efb8e4244e2&quot;}\" data-wp-interactive=\"core\/image\" data-wp-key=\"69efb8e4244e2\" class=\"wp-block-image aligncenter size-full wp-lightbox-container\"><img loading=\"lazy\" decoding=\"async\" width=\"450\" height=\"681\" data-wp-class--hide=\"state.isContentHidden\" data-wp-class--show=\"state.isContentVisible\" data-wp-init=\"callbacks.setButtonStyles\" data-wp-on--click=\"actions.showLightbox\" data-wp-on--load=\"callbacks.setButtonStyles\" data-wp-on-window--resize=\"callbacks.setButtonStyles\" src=\"https:\/\/samb-baiona.net\/wp-content\/uploads\/2023\/12\/Pascau-_-Porte-etendard.jpg\" alt=\"\" class=\"wp-image-2120\" srcset=\"https:\/\/samb-baiona.net\/wp-content\/uploads\/2023\/12\/Pascau-_-Porte-etendard.jpg 450w, https:\/\/samb-baiona.net\/wp-content\/uploads\/2023\/12\/Pascau-_-Porte-etendard-198x300.jpg 198w\" sizes=\"auto, (max-width: 450px) 100vw, 450px\" \/><button\n\t\t\tclass=\"lightbox-trigger\"\n\t\t\ttype=\"button\"\n\t\t\taria-haspopup=\"dialog\"\n\t\t\taria-label=\"Agrandar\"\n\t\t\tdata-wp-init=\"callbacks.initTriggerButton\"\n\t\t\tdata-wp-on--click=\"actions.showLightbox\"\n\t\t\tdata-wp-style--right=\"state.imageButtonRight\"\n\t\t\tdata-wp-style--top=\"state.imageButtonTop\"\n\t\t>\n\t\t\t<svg xmlns=\"http:\/\/www.w3.org\/2000\/svg\" width=\"12\" height=\"12\" fill=\"none\" viewBox=\"0 0 12 12\">\n\t\t\t\t<path fill=\"#fff\" d=\"M2 0a2 2 0 0 0-2 2v2h1.5V2a.5.5 0 0 1 .5-.5h2V0H2Zm2 10.5H2a.5.5 0 0 1-.5-.5V8H0v2a2 2 0 0 0 2 2h2v-1.5ZM8 12v-1.5h2a.5.5 0 0 0 .5-.5V8H12v2a2 2 0 0 1-2 2H8Zm2-12a2 2 0 0 1 2 2v2h-1.5V2a.5.5 0 0 0-.5-.5H8V0h2Z\" \/>\n\t\t\t<\/svg>\n\t\t<\/button><\/figure>\n<\/div>\n<\/div>\n\n\n\n<div class=\"wp-block-columns is-layout-flex wp-container-core-columns-is-layout-1ec2ec05 wp-block-columns-is-layout-flex\" style=\"margin-top:0;margin-bottom:0;padding-top:0;padding-right:0;padding-bottom:0;padding-left:0\">\n<div class=\"wp-block-column is-layout-flow wp-block-column-is-layout-flow\"><\/div>\n\n\n\n<div class=\"wp-block-column is-layout-flow wp-block-column-is-layout-flow\" style=\"flex-basis:50%\"><\/div>\n\n\n\n<div class=\"wp-block-column is-layout-flow wp-block-column-is-layout-flow\"><\/div>\n<\/div>\n\n\n\n<p class=\"has-text-color has-background has-medium-font-size\" style=\"color:#663333;background-color:#a8b7d2;padding-top:0;padding-bottom:0\"><strong>Algunas obras adquiridas mediante el mecenazgo<\/strong><\/p>\n\n\n\n<div class=\"wp-block-columns is-layout-flex wp-container-core-columns-is-layout-28f84493 wp-block-columns-is-layout-flex\">\n<div class=\"wp-block-column is-vertically-aligned-center is-layout-constrained wp-block-column-is-layout-constrained\" style=\"flex-basis:50%\">\n<figure class=\"wp-block-image size-full is-resized\"><img loading=\"lazy\" decoding=\"async\" width=\"397\" height=\"336\" src=\"https:\/\/samb-baiona.net\/wp-content\/uploads\/2024\/09\/Deuillantes.jpg\" alt=\"\" class=\"wp-image-2759\" style=\"width:386px;height:auto\" srcset=\"https:\/\/samb-baiona.net\/wp-content\/uploads\/2024\/09\/Deuillantes.jpg 397w, https:\/\/samb-baiona.net\/wp-content\/uploads\/2024\/09\/Deuillantes-300x254.jpg 300w\" sizes=\"auto, (max-width: 397px) 100vw, 397px\" \/><\/figure>\n<\/div>\n\n\n\n<div class=\"wp-block-column is-layout-flow wp-block-column-is-layout-flow\" style=\"flex-basis:33.33%\">\n<p style=\"line-height:1.6\">Les Deuillantes ou Deux jeunes femmes en pri\u00e8re (Las Dolientes o Dos mujeres j\u00f3venes rezando), de Marie Garay, pintado en 1902.<\/p>\n\n\n\n<p style=\"line-height:1.6\"> <a href=\"https:\/\/samb-baiona.net\/bmb\/BMB-199.pdf\" target=\"_blank\" rel=\"noreferrer noopener\">Ver el n\u00b0199 del Bolet\u00edn<\/a> del Museo Vasco (BMB) para conocer mejor esta artista, \u00fanica mujer de la Escuela de Bayona, que re\u00fane los alumnos de L\u00e9on Bonnat<\/p>\n<\/div>\n<\/div>\n\n\n\n<hr class=\"wp-block-separator has-alpha-channel-opacity is-style-wide\"\/>\n\n\n\n<div class=\"wp-block-columns is-layout-flex wp-container-core-columns-is-layout-28f84493 wp-block-columns-is-layout-flex\">\n<div class=\"wp-block-column is-layout-flow wp-block-column-is-layout-flow\" style=\"flex-basis:25%\">\n<p style=\"line-height:1.4\">El espectacular Paon Blanc (Pavo Real Blanco) de Henry Caro-Delvaille, pintado hacia 1906. Este cuadro de grandes dimensiones recibe ahora al visitante en la bella rotonda del Museo Vasco, la Algiade, amplio pozo de luz. Esta pintura pone en escena una familia de la burgues\u00eda jud\u00eda de Bayona (ver el <a href=\"https:\/\/samb-baiona.net\/bmb\/BMB-195.pdf\" target=\"_blank\" rel=\"noreferrer noopener\">n\u00b0 195<\/a> del BMB).<\/p>\n<\/div>\n\n\n\n<div class=\"wp-block-column is-layout-flow wp-block-column-is-layout-flow\" style=\"flex-basis:80%\">\n<figure class=\"wp-block-image alignwide size-full\"><img loading=\"lazy\" decoding=\"async\" width=\"509\" height=\"208\" src=\"https:\/\/samb-baiona.net\/wp-content\/uploads\/2023\/06\/195.1.png\" alt=\"\" class=\"wp-image-766\" srcset=\"https:\/\/samb-baiona.net\/wp-content\/uploads\/2023\/06\/195.1.png 509w, https:\/\/samb-baiona.net\/wp-content\/uploads\/2023\/06\/195.1-300x123.png 300w\" sizes=\"auto, (max-width: 509px) 100vw, 509px\" \/><\/figure>\n<\/div>\n<\/div>\n\n\n\n<hr class=\"wp-block-separator has-alpha-channel-opacity is-style-wide\"\/>\n\n\n\n<div class=\"wp-block-columns is-layout-flex wp-container-core-columns-is-layout-28f84493 wp-block-columns-is-layout-flex\">\n<div class=\"wp-block-column is-layout-flow wp-block-column-is-layout-flow\">\n<p style=\"line-height:1.3\">Retrato de Marcelle Salle en 1939, de Jos\u00e9 Gonzales de la Pe\u00f1a. N\u00b0 inventario 2015.7.1<br>La historia del retrato de esta reparadora de sillas de paja de Came (pueblo cercano a Bayona) aparece en el <a href=\"https:\/\/samb-baiona.net\/bmb\/BMB-185.pdf\" target=\"_blank\" rel=\"noreferrer noopener\">n\u00b0185<\/a> del BMB.<\/p>\n\n\n\n<p style=\"line-height:1.3\"><\/p>\n<\/div>\n\n\n\n<div class=\"wp-block-column is-layout-flow wp-block-column-is-layout-flow\">\n<figure class=\"wp-block-image size-full is-resized\"><img loading=\"lazy\" decoding=\"async\" width=\"499\" height=\"607\" src=\"https:\/\/samb-baiona.net\/wp-content\/uploads\/2023\/06\/185.1.jpg\" alt=\"\" class=\"wp-image-769\" srcset=\"https:\/\/samb-baiona.net\/wp-content\/uploads\/2023\/06\/185.1.jpg 499w, https:\/\/samb-baiona.net\/wp-content\/uploads\/2023\/06\/185.1-247x300.jpg 247w\" sizes=\"auto, (max-width: 499px) 100vw, 499px\" \/><\/figure>\n<\/div>\n\n\n\n<div class=\"wp-block-column is-layout-flow wp-block-column-is-layout-flow\">\n<figure class=\"wp-block-image size-full is-resized\"><img loading=\"lazy\" decoding=\"async\" width=\"291\" height=\"234\" src=\"https:\/\/samb-baiona.net\/wp-content\/uploads\/2023\/06\/177.5.png\" alt=\"\" class=\"wp-image-770\"\/><\/figure>\n<\/div>\n\n\n\n<div class=\"wp-block-column is-layout-flow wp-block-column-is-layout-flow\">\n<p style=\"line-height:1.4\">Sopera realizada por la f\u00e1brica Novion de Saint Esprit (barrio de Bayona) hacia 1835. N\u00b0 de inventario 2010.1.1 (foto de Alain Arnold). El <a href=\"https:\/\/samb-baiona.net\/bmb\/BMB-177.pdf\" target=\"_blank\" rel=\"noreferrer noopener\">n\u00b0177<\/a> del BMB recorre la atractiva producci\u00f3n de esta manufactura.<br><\/p>\n<\/div>\n<\/div>\n","protected":false},"excerpt":{"rendered":"<p>El Mecenazgo \u00catre m\u00e9c\u00e8ne, c\u2019est participer \u00e0 l\u2019enrichissement des collections du Mus\u00e9e Basque et de l\u2019Histoire de Bayonne et \u00e0 leur pr\u00e9sentation au public.Ser mecenas, es participar al enriquecimiento de las colecciones del Museo Vasco y de la Historia de Bayona y participar en su presentaci\u00f3n al p\u00fablico.La Sociedad de Amigos del Museo Vasco favorece &hellip;<\/p>\n<p class=\"read-more\"> <a class=\"\" href=\"https:\/\/samb-baiona.net\/es\/el-mecenazgo\/\"> <span class=\"screen-reader-text\">El Mecenazgo<\/span> Leer m\u00e1s &raquo;<\/a><\/p>\n","protected":false},"author":1,"featured_media":0,"parent":0,"menu_order":0,"comment_status":"closed","ping_status":"closed","template":"","meta":{"site-sidebar-layout":"default","site-content-layout":"default","ast-global-header-display":"","ast-main-header-display":"","ast-hfb-above-header-display":"","ast-hfb-below-header-display":"","ast-hfb-mobile-header-display":"","site-post-title":"disabled","ast-breadcrumbs-content":"","ast-featured-img":"","footer-sml-layout":"","theme-transparent-header-meta":"","adv-header-id-meta":"","stick-header-meta":"","header-above-stick-meta":"","header-main-stick-meta":"","header-below-stick-meta":"","footnotes":""},"class_list":["post-3212","page","type-page","status-publish","hentry"],"_links":{"self":[{"href":"https:\/\/samb-baiona.net\/es\/wp-json\/wp\/v2\/pages\/3212","targetHints":{"allow":["GET"]}}],"collection":[{"href":"https:\/\/samb-baiona.net\/es\/wp-json\/wp\/v2\/pages"}],"about":[{"href":"https:\/\/samb-baiona.net\/es\/wp-json\/wp\/v2\/types\/page"}],"author":[{"embeddable":true,"href":"https:\/\/samb-baiona.net\/es\/wp-json\/wp\/v2\/users\/1"}],"replies":[{"embeddable":true,"href":"https:\/\/samb-baiona.net\/es\/wp-json\/wp\/v2\/comments?post=3212"}],"version-history":[{"count":1,"href":"https:\/\/samb-baiona.net\/es\/wp-json\/wp\/v2\/pages\/3212\/revisions"}],"predecessor-version":[{"id":3245,"href":"https:\/\/samb-baiona.net\/es\/wp-json\/wp\/v2\/pages\/3212\/revisions\/3245"}],"wp:attachment":[{"href":"https:\/\/samb-baiona.net\/es\/wp-json\/wp\/v2\/media?parent=3212"}],"curies":[{"name":"wp","href":"https:\/\/api.w.org\/{rel}","templated":true}]}}

<p class="has-text-color has-link-color has-large-font-size wp-elements-925d2dc91aab2f11a0177f5b651babea" style="color:#884343;margin-top:var(--wp--preset--spacing--40);margin-right:0;margin-bottom:var(--wp--preset--spacing--40);margin-left:0">El Mecenazgo</p>



<div class="wp-block-columns is-layout-flex wp-container-core-columns-is-layout-eeed5da8 wp-block-columns-is-layout-flex" style="margin-top:var(--wp--preset--spacing--30);margin-bottom:var(--wp--preset--spacing--30);padding-top:0;padding-right:var(--wp--preset--spacing--30);padding-bottom:0;padding-left:var(--wp--preset--spacing--30)">
<div class="wp-block-column is-layout-flow wp-block-column-is-layout-flow">
<p style="line-height:1.4">Être mécène, c’est participer à l’enrichissement des collections du Musée Basque et de l’Histoire de Bayonne et à leur présentation au public.<br>Ser mecenas, es participar al enriquecimiento de las colecciones del Museo Vasco y de la Historia de Bayona y participar en su presentación al público.<br>La Sociedad de Amigos del Museo Vasco favorece el mecenazgo de dos maneras :<br>&#8211; reuniendo o comprando obras de arte y objetos para entregarlos al Museo. De hecho, fueron las donaciones de les familias vascas y de Bayona las que constituyeron el origen de las colecciones expuestas en el Museo.<br>&#8211; fomentando la recaudación de fondos para comprar obras de arte y objetos.<br>La SAMB recibió la aprobación del Estado para emitir un certificado fiscal a los donantes, a las empresas y los particulares.<br>Este certificado permite a las empresas obtener una exención del impuesto sobre sociedades o sobre la renta (artículo 238bis del Código general de impuestos).<br>Para los particulares, este certificado permite una deducción del 66% del importe donado, hasta un máximo del 20% de la renta imponible (artículo 200 del Código general de impuestos).<br>Un certificado de este tipo también puede ser emitido al donante de une obra de arte o de un objeto, siempre que la donación (y por lo tanto su valor de mercado) haya sido aceptada por la Comisión científica de los Museos de Francia.</p>



<p style="line-height:1.4"></p>



<p style="line-height:1.4"><br><a href="https://samb-baiona.net/wp-content/uploads/2023/05/Textes-juridiques.pdf" target="_blank" rel="noreferrer noopener">Consultar aquí la reglamentación fiscal (texto está en francés)</a><br><br><strong><a href="https://societe-des-amis-du-musee-basque.assoconnect.com/collect/description/323612-b-devenez-mecene-du-musee-basque-et-de-l-histoire-de-bayonne" target="_blank" rel="noreferrer noopener">Conviértase en mecenas haciendo una donación fiscal</a></strong><br><br>Para hacer une donación en especie, o para cualquier pregunta relatva al mecenazgo le invitamos a contactar :<br>&#8211; por correo electrónico : contact@samb-baiona.net o hacer <a href="https://samb-baiona.net/es/contactenos/" data-type="page" data-id="3156" target="_blank" rel="noreferrer noopener">un clic aquí</a><br>&#8211; por correo postal : SAMB, Château-Neuf, Place Paul Bert, 64100 Bayonne. Francia.</p>



<p style="line-height:1.4"><br></p>



<p style="line-height:1.4">Desde finales del año 2024, los contribuyentes americanos pueden participar en la financiación del Museo Vasco gracias a la creación de la American Friends of the Musée Basque Found</p>
</div>



<div class="wp-block-column is-layout-flow wp-block-column-is-layout-flow" style="padding-top:var(--wp--preset--spacing--30);padding-right:0;padding-bottom:var(--wp--preset--spacing--30);padding-left:0;flex-basis:50%">
<figure data-wp-context="{&quot;imageId&quot;:&quot;69efb8e4244e2&quot;}" data-wp-interactive="core/image" data-wp-key="69efb8e4244e2" class="wp-block-image aligncenter size-full wp-lightbox-container"><img loading="lazy" decoding="async" width="450" height="681" data-wp-class--hide="state.isContentHidden" data-wp-class--show="state.isContentVisible" data-wp-init="callbacks.setButtonStyles" data-wp-on--click="actions.showLightbox" data-wp-on--load="callbacks.setButtonStyles" data-wp-on-window--resize="callbacks.setButtonStyles" src="https://samb-baiona.net/wp-content/uploads/2023/12/Pascau-_-Porte-etendard.jpg" alt="" class="wp-image-2120" srcset="https://samb-baiona.net/wp-content/uploads/2023/12/Pascau-_-Porte-etendard.jpg 450w, https://samb-baiona.net/wp-content/uploads/2023/12/Pascau-_-Porte-etendard-198x300.jpg 198w" sizes="auto, (max-width: 450px) 100vw, 450px" /><button
			class="lightbox-trigger"
			type="button"
			aria-haspopup="dialog"
			aria-label="Agrandar"
			data-wp-init="callbacks.initTriggerButton"
			data-wp-on--click="actions.showLightbox"
			data-wp-style--right="state.imageButtonRight"
			data-wp-style--top="state.imageButtonTop"
		>
			<svg xmlns="http://www.w3.org/2000/svg" width="12" height="12" fill="none" viewBox="0 0 12 12">
				<path fill="#fff" d="M2 0a2 2 0 0 0-2 2v2h1.5V2a.5.5 0 0 1 .5-.5h2V0H2Zm2 10.5H2a.5.5 0 0 1-.5-.5V8H0v2a2 2 0 0 0 2 2h2v-1.5ZM8 12v-1.5h2a.5.5 0 0 0 .5-.5V8H12v2a2 2 0 0 1-2 2H8Zm2-12a2 2 0 0 1 2 2v2h-1.5V2a.5.5 0 0 0-.5-.5H8V0h2Z" />
			</svg>
		</button></figure>
</div>
</div>



<div class="wp-block-columns is-layout-flex wp-container-core-columns-is-layout-1ec2ec05 wp-block-columns-is-layout-flex" style="margin-top:0;margin-bottom:0;padding-top:0;padding-right:0;padding-bottom:0;padding-left:0">
<div class="wp-block-column is-layout-flow wp-block-column-is-layout-flow"></div>



<div class="wp-block-column is-layout-flow wp-block-column-is-layout-flow" style="flex-basis:50%"></div>



<div class="wp-block-column is-layout-flow wp-block-column-is-layout-flow"></div>
</div>



<p class="has-text-color has-background has-medium-font-size" style="color:#663333;background-color:#a8b7d2;padding-top:0;padding-bottom:0"><strong>Algunas obras adquiridas mediante el mecenazgo</strong></p>



<div class="wp-block-columns is-layout-flex wp-container-core-columns-is-layout-28f84493 wp-block-columns-is-layout-flex">
<div class="wp-block-column is-vertically-aligned-center is-layout-constrained wp-block-column-is-layout-constrained" style="flex-basis:50%">
<figure class="wp-block-image size-full is-resized"><img loading="lazy" decoding="async" width="397" height="336" src="https://samb-baiona.net/wp-content/uploads/2024/09/Deuillantes.jpg" alt="" class="wp-image-2759" style="width:386px;height:auto" srcset="https://samb-baiona.net/wp-content/uploads/2024/09/Deuillantes.jpg 397w, https://samb-baiona.net/wp-content/uploads/2024/09/Deuillantes-300x254.jpg 300w" sizes="auto, (max-width: 397px) 100vw, 397px" /></figure>
</div>



<div class="wp-block-column is-layout-flow wp-block-column-is-layout-flow" style="flex-basis:33.33%">
<p style="line-height:1.6">Les Deuillantes ou Deux jeunes femmes en prière (Las Dolientes o Dos mujeres jóvenes rezando), de Marie Garay, pintado en 1902.</p>



<p style="line-height:1.6"> <a href="https://samb-baiona.net/bmb/BMB-199.pdf" target="_blank" rel="noreferrer noopener">Ver el n°199 del Boletín</a> del Museo Vasco (BMB) para conocer mejor esta artista, única mujer de la Escuela de Bayona, que reúne los alumnos de Léon Bonnat</p>
</div>
</div>



<hr class="wp-block-separator has-alpha-channel-opacity is-style-wide"/>



<div class="wp-block-columns is-layout-flex wp-container-core-columns-is-layout-28f84493 wp-block-columns-is-layout-flex">
<div class="wp-block-column is-layout-flow wp-block-column-is-layout-flow" style="flex-basis:25%">
<p style="line-height:1.4">El espectacular Paon Blanc (Pavo Real Blanco) de Henry Caro-Delvaille, pintado hacia 1906. Este cuadro de grandes dimensiones recibe ahora al visitante en la bella rotonda del Museo Vasco, la Algiade, amplio pozo de luz. Esta pintura pone en escena una familia de la burguesía judía de Bayona (ver el <a href="https://samb-baiona.net/bmb/BMB-195.pdf" target="_blank" rel="noreferrer noopener">n° 195</a> del BMB).</p>
</div>



<div class="wp-block-column is-layout-flow wp-block-column-is-layout-flow" style="flex-basis:80%">
<figure class="wp-block-image alignwide size-full"><img loading="lazy" decoding="async" width="509" height="208" src="https://samb-baiona.net/wp-content/uploads/2023/06/195.1.png" alt="" class="wp-image-766" srcset="https://samb-baiona.net/wp-content/uploads/2023/06/195.1.png 509w, https://samb-baiona.net/wp-content/uploads/2023/06/195.1-300x123.png 300w" sizes="auto, (max-width: 509px) 100vw, 509px" /></figure>
</div>
</div>



<hr class="wp-block-separator has-alpha-channel-opacity is-style-wide"/>



<div class="wp-block-columns is-layout-flex wp-container-core-columns-is-layout-28f84493 wp-block-columns-is-layout-flex">
<div class="wp-block-column is-layout-flow wp-block-column-is-layout-flow">
<p style="line-height:1.3">Retrato de Marcelle Salle en 1939, de José Gonzales de la Peña. N° inventario 2015.7.1<br>La historia del retrato de esta reparadora de sillas de paja de Came (pueblo cercano a Bayona) aparece en el <a href="https://samb-baiona.net/bmb/BMB-185.pdf" target="_blank" rel="noreferrer noopener">n°185</a> del BMB.</p>



<p style="line-height:1.3"></p>
</div>



<div class="wp-block-column is-layout-flow wp-block-column-is-layout-flow">
<figure class="wp-block-image size-full is-resized"><img loading="lazy" decoding="async" width="499" height="607" src="https://samb-baiona.net/wp-content/uploads/2023/06/185.1.jpg" alt="" class="wp-image-769" srcset="https://samb-baiona.net/wp-content/uploads/2023/06/185.1.jpg 499w, https://samb-baiona.net/wp-content/uploads/2023/06/185.1-247x300.jpg 247w" sizes="auto, (max-width: 499px) 100vw, 499px" /></figure>
</div>



<div class="wp-block-column is-layout-flow wp-block-column-is-layout-flow">
<figure class="wp-block-image size-full is-resized"><img loading="lazy" decoding="async" width="291" height="234" src="https://samb-baiona.net/wp-content/uploads/2023/06/177.5.png" alt="" class="wp-image-770"/></figure>
</div>



<div class="wp-block-column is-layout-flow wp-block-column-is-layout-flow">
<p style="line-height:1.4">Sopera realizada por la fábrica Novion de Saint Esprit (barrio de Bayona) hacia 1835. N° de inventario 2010.1.1 (foto de Alain Arnold). El <a href="https://samb-baiona.net/bmb/BMB-177.pdf" target="_blank" rel="noreferrer noopener">n°177</a> del BMB recorre la atractiva producción de esta manufactura.<br></p>
</div>
</div>

<p>El Mecenazgo Être mécène, c’est participer à l’enrichissement des collections du Musée Basque et de l’Histoire de Bayonne et à leur présentation au public.Ser mecenas, es participar al enriquecimiento de las colecciones del Museo Vasco y de la Historia de Bayona y participar en su presentación al público.La Sociedad de Amigos del Museo Vasco favorece &hellip;</p>
<p class="read-more"> <a class="" href="https://samb-baiona.net/es/el-mecenazgo/"> <span class="screen-reader-text">El Mecenazgo</span> Leer más &raquo;</a></p>
